[INFO] cloning repository https://github.com/StratusFearMe21/greetd-egui
[INFO] running `Command { std: "git" "-c" "credential.helper=" "-c" "credential.helper=/workspace/cargo-home/bin/git-credential-null" "clone" "--bare" "https://github.com/StratusFearMe21/greetd-egui" "/workspace/cache/git-repos/https%3A%2F%2Fgithub.com%2FStratusFearMe21%2Fgreetd-egui", kill_on_drop: false }`
[INFO] [stderr] Cloning into bare repository '/workspace/cache/git-repos/https%3A%2F%2Fgithub.com%2FStratusFearMe21%2Fgreetd-egui'...
[INFO] running `Command { std: "git" "rev-parse" "HEAD", kill_on_drop: false }`
[INFO] [stdout] 5a880fa123d67ada60b6e278f484b4d0135ef35e
[INFO] checking StratusFearMe21/greetd-egui against master#9610dfe5a9a731ced1ea4923ecbd0c57fe367898 for beta-170-4
[INFO] running `Command { std: "git" "clone" "/workspace/cache/git-repos/https%3A%2F%2Fgithub.com%2FStratusFearMe21%2Fgreetd-egui" "/workspace/builds/worker-3-tc1/source", kill_on_drop: false }`
[INFO] [stderr] Cloning into '/workspace/builds/worker-3-tc1/source'...
[INFO] [stderr] done.
[INFO] validating manifest of git repo https://github.com/StratusFearMe21/greetd-egui on toolchain 9610dfe5a9a731ced1ea4923ecbd0c57fe367898
[INFO] running `Command { std: CARGO_HOME="/workspace/cargo-home" RUSTUP_HOME="/workspace/rustup-home" "/workspace/cargo-home/bin/cargo" "+9610dfe5a9a731ced1ea4923ecbd0c57fe367898" "metadata" "--manifest-path" "Cargo.toml" "--no-deps", kill_on_drop: false }`
[INFO] started tweaking git repo https://github.com/StratusFearMe21/greetd-egui
[INFO] finished tweaking git repo https://github.com/StratusFearMe21/greetd-egui
[INFO] tweaked toml for git repo https://github.com/StratusFearMe21/greetd-egui written to /workspace/builds/worker-3-tc1/source/Cargo.toml
[INFO] crate git repo https://github.com/StratusFearMe21/greetd-egui already has a lockfile, it will not be regenerated
[INFO] running `Command { std: CARGO_HOME="/workspace/cargo-home" RUSTUP_HOME="/workspace/rustup-home" "/workspace/cargo-home/bin/cargo" "+9610dfe5a9a731ced1ea4923ecbd0c57fe367898" "fetch" "--manifest-path" "Cargo.toml", kill_on_drop: false }`
[INFO] [stderr]     Updating git repository `https://github.com/StratusFearMe21/winit`
[INFO] [stderr]     Updating crates.io index
[INFO] [stderr]     Updating git repository `https://github.com/StratusFearMe21/glutin`
[INFO] [stderr]     Updating git repository `https://github.com/StratusFearMe21/greetd_client`
[INFO] [stderr]     Updating git repository `https://github.com/StratusFearMe21/libmpv-rs`
[INFO] [stderr]     Updating git repository `https://github.com/rust-windowing/raw-window-handle`
[INFO] [stderr]     Updating git repository `https://github.com/StratusFearMe21/xkbcommon-rs`
[INFO] [stderr]  Downloading crates ...
[INFO] [stderr]   Downloaded gbm-sys v0.2.0
[INFO] [stderr]   Downloaded drm-ffi v0.2.1
[INFO] [stderr]   Downloaded gbm v0.8.0
[INFO] [stderr]   Downloaded freedesktop-desktop-entry v0.5.0
[INFO] [stderr]   Downloaded drm-fourcc v2.2.0
[INFO] [stderr]   Downloaded udev v0.6.3
[INFO] [stderr]   Downloaded writeable v0.4.0
[INFO] [stderr]   Downloaded drm-sys v0.1.2
[INFO] [stderr]   Downloaded drm v0.6.2
[INFO] [stderr]   Downloaded input v0.7.1
[INFO] [stderr]   Downloaded wayland-server v0.28.6
[INFO] [stderr]   Downloaded cfb v0.7.0
[INFO] [stderr]   Downloaded infer v0.8.0
[INFO] [stderr]   Downloaded input-sys v1.16.1
[INFO] [stderr]   Downloaded gettext-sys v0.21.3
[INFO] [stderr]   Downloaded tz-rs v0.6.9
[INFO] running `Command { std: "docker" "create" "-v" "/var/lib/crater-agent-workspace/builds/worker-3-tc1/target:/opt/rustwide/target:rw,Z" "-v" "/var/lib/crater-agent-workspace/builds/worker-3-tc1/source:/opt/rustwide/workdir:ro,Z" "-v" "/var/lib/crater-agent-workspace/cargo-home:/opt/rustwide/cargo-home:ro,Z" "-v" "/var/lib/crater-agent-workspace/rustup-home:/opt/rustwide/rustup-home:ro,Z" "-e" "SOURCE_DIR=/opt/rustwide/workdir" "-e" "CARGO_TARGET_DIR=/opt/rustwide/target" "-e" "CARGO_HOME=/opt/rustwide/cargo-home" "-e" "RUSTUP_HOME=/opt/rustwide/rustup-home" "-w" "/opt/rustwide/workdir" "-m" "1610612736" "--user" "0:0" "--network" "none" "ghcr.io/rust-lang/crates-build-env/linux@sha256:19e73879b68f455e41552ea35293514db52ea292d993f571636dbffedb77a1ee" "/opt/rustwide/cargo-home/bin/cargo" "+9610dfe5a9a731ced1ea4923ecbd0c57fe367898" "metadata" "--no-deps" "--format-version=1", kill_on_drop: false }`
[INFO] [stdout] 5924a5652acc6f152e2ddcd4141b65aa46e39882180be2dcad6b21e48042ce92
[INFO] running `Command { std: "docker" "start" "-a" "5924a5652acc6f152e2ddcd4141b65aa46e39882180be2dcad6b21e48042ce92", kill_on_drop: false }`
[INFO] running `Command { std: "docker" "inspect" "5924a5652acc6f152e2ddcd4141b65aa46e39882180be2dcad6b21e48042ce92", kill_on_drop: false }`
[INFO] running `Command { std: "docker" "rm" "-f" "5924a5652acc6f152e2ddcd4141b65aa46e39882180be2dcad6b21e48042ce92", kill_on_drop: false }`
[INFO] [stdout] 5924a5652acc6f152e2ddcd4141b65aa46e39882180be2dcad6b21e48042ce92
[INFO] running `Command { std: "docker" "create" "-v" "/var/lib/crater-agent-workspace/builds/worker-3-tc1/target:/opt/rustwide/target:rw,Z" "-v" "/var/lib/crater-agent-workspace/builds/worker-3-tc1/source:/opt/rustwide/workdir:ro,Z" "-v" "/var/lib/crater-agent-workspace/cargo-home:/opt/rustwide/cargo-home:ro,Z" "-v" "/var/lib/crater-agent-workspace/rustup-home:/opt/rustwide/rustup-home:ro,Z" "-e" "SOURCE_DIR=/opt/rustwide/workdir" "-e" "CARGO_TARGET_DIR=/opt/rustwide/target" "-e" "CARGO_INCREMENTAL=0" "-e" "RUST_BACKTRACE=full" "-e" "RUSTFLAGS=--cap-lints=forbid" "-e" "RUSTDOCFLAGS=--cap-lints=forbid" "-e" "CARGO_HOME=/opt/rustwide/cargo-home" "-e" "RUSTUP_HOME=/opt/rustwide/rustup-home" "-w" "/opt/rustwide/workdir" "-m" "1610612736" "--user" "0:0" "--network" "none" "ghcr.io/rust-lang/crates-build-env/linux@sha256:19e73879b68f455e41552ea35293514db52ea292d993f571636dbffedb77a1ee" "/opt/rustwide/cargo-home/bin/cargo" "+9610dfe5a9a731ced1ea4923ecbd0c57fe367898" "check" "--frozen" "--all" "--all-targets" "--message-format=json", kill_on_drop: false }`
[INFO] [stdout] 84dedd2928bf28f3fa165fed21b18fee78b924ea01497569a5eb203fff048929
[INFO] running `Command { std: "docker" "start" "-a" "84dedd2928bf28f3fa165fed21b18fee78b924ea01497569a5eb203fff048929", kill_on_drop: false }`
[INFO] [stderr]    Compiling libc v0.2.126
[INFO] [stderr]    Compiling proc-macro2 v1.0.39
[INFO] [stderr]    Compiling unicode-ident v1.0.0
[INFO] [stderr]    Compiling pkg-config v0.3.25
[INFO] [stderr]    Compiling xml-rs v0.8.4
[INFO] [stderr]     Checking smallvec v1.8.0
[INFO] [stderr]    Compiling syn v1.0.95
[INFO] [stderr]    Compiling log v0.4.17
[INFO] [stderr]    Compiling cfg-if v1.0.0
[INFO] [stderr]    Compiling cc v1.0.73
[INFO] [stderr]     Checking libloading v0.7.3
[INFO] [stderr]    Compiling memchr v2.5.0
[INFO] [stderr]     Checking dlib v0.5.0
[INFO] [stderr]     Checking downcast-rs v1.2.0
[INFO] [stderr]    Compiling wayland-sys v0.29.4
[INFO] [stderr]    Compiling lock_api v0.4.7
[INFO] [stderr]    Compiling parking_lot_core v0.9.3
[INFO] [stderr]    Compiling quote v1.0.18
[INFO] [stderr]    Compiling drm-sys v0.1.2
[INFO] [stderr]    Compiling wayland-scanner v0.29.4
[INFO] [stderr]     Checking scoped-tls v1.0.0
[INFO] [stderr]    Compiling glob v0.3.0
[INFO] [stderr]    Compiling libloading v0.5.2
[INFO] [stderr]    Compiling libudev-sys v0.1.4
[INFO] [stderr]     Checking nix v0.22.3
[INFO] [stderr]     Checking getrandom v0.2.6
[INFO] [stderr]    Compiling nom v5.1.2
[INFO] [stderr]    Compiling drm-fourcc v2.2.0
[INFO] [stderr]     Checking nom v7.1.1
[INFO] [stderr]     Checking parking_lot v0.12.0
[INFO] [stderr]    Compiling clang-sys v0.29.3
[INFO] [stderr]    Compiling gl_generator v0.14.0
[INFO] [stderr]    Compiling aho-corasick v0.7.18
[INFO] [stderr]    Compiling atty v0.2.14
[INFO] [stderr]    Compiling x11-dl v2.19.1
[INFO] [stderr]    Compiling input-sys v1.16.1
[INFO] [stderr]    Compiling wayland-client v0.29.4
[INFO] [stderr]    Compiling wayland-protocols v0.29.4
[INFO] [stderr]    Compiling unicode-width v0.1.9
[INFO] [stderr]    Compiling quick-error v1.2.3
[INFO] [stderr]    Compiling regex-syntax v0.6.26
[INFO] [stderr]    Compiling humantime v1.3.0
[INFO] [stderr]    Compiling textwrap v0.11.0
[INFO] [stderr]     Checking xcursor v0.3.4
[INFO] [stderr]     Checking mio v0.8.3
[INFO] [stderr]    Compiling wayland-sys v0.28.6
[INFO] [stderr]    Compiling smithay-client-toolkit v0.15.4
[INFO] [stderr]    Compiling bindgen v0.54.0
[INFO] [stderr]    Compiling strsim v0.8.0
[INFO] [stderr]    Compiling vec_map v0.8.2
[INFO] [stderr]     Checking ttf-parser v0.15.0
[INFO] [stderr]    Compiling bitflags v1.3.2
[INFO] [stderr]    Compiling ansi_term v0.12.1
[INFO] [stderr]    Compiling termcolor v1.1.3
[INFO] [stderr]    Compiling clap v2.34.0
[INFO] [stderr]     Checking wayland-commons v0.29.4
[INFO] [stderr]     Checking calloop v0.9.3
[INFO] [stderr]    Compiling regex v1.5.6
[INFO] [stderr]     Checking drm-ffi v0.2.1
[INFO] [stderr]     Checking drm v0.6.2
[INFO] [stderr]     Checking owned_ttf_parser v0.15.0
[INFO] [stderr]    Compiling cexpr v0.4.0
[INFO] [stderr]     Checking wayland-cursor v0.29.4
[INFO] [stderr]     Checking udev v0.6.3
[INFO] [stderr]    Compiling env_logger v0.7.1
[INFO] [stderr]     Checking memmap2 v0.5.3
[INFO] [stderr]     Checking memmap2 v0.3.1
[INFO] [stderr]    Compiling wayland-scanner v0.28.6
[INFO] [stderr]    Compiling which v3.1.1
[INFO] [stderr]     Checking ab_glyph_rasterizer v0.1.5
[INFO] [stderr]    Compiling serde_derive v1.0.137
[INFO] [stderr]    Compiling cfg-if v0.1.10
[INFO] [stderr]    Compiling temp-dir v0.1.11
[INFO] [stderr]    Compiling lazycell v1.3.0
[INFO] [stderr]     Checking cty v0.2.2
[INFO] [stderr]    Compiling rustc-hash v1.1.0
[INFO] [stderr]    Compiling shlex v0.1.1
[INFO] [stderr]    Compiling lazy_static v1.4.0
[INFO] [stderr]    Compiling peeking_take_while v0.1.2
[INFO] [stderr]     Checking raw-window-handle v0.4.3 (https://github.com/rust-windowing/raw-window-handle#3290a311)
[INFO] [stderr]    Compiling gettext-sys v0.21.3
[INFO] [stderr]    Compiling wayland-server v0.28.6
[INFO] [stderr]    Compiling bytemuck_derive v1.1.0
[INFO] [stderr]    Compiling tracing-attributes v0.1.21
[INFO] [stderr]     Checking ab_glyph v0.2.15
[INFO] [stderr]     Checking xkbcommon v0.5.0-beta.0 (https://github.com/StratusFearMe21/xkbcommon-rs#1ea43483)
[INFO] [stderr]     Checking input v0.7.1
[INFO] [stderr]     Checking ahash v0.7.6
[INFO] [stderr]     Checking dirs-sys v0.3.7
[INFO] [stderr]     Checking nix v0.20.0
[INFO] [stderr]     Checking tracing-core v0.1.26
[INFO] [stderr]     Checking instant v0.1.12
[INFO] [stderr]    Compiling serde v1.0.137
[INFO] [stderr]     Checking bytemuck v1.9.1
[INFO] [stderr]     Checking emath v0.18.0
[INFO] [stderr]    Compiling signal-hook v0.3.14
[INFO] [stderr]     Checking percent-encoding v2.1.0
[INFO] [stderr]    Compiling gbm-sys v0.2.0
[INFO] [stderr]     Checking nohash-hasher v0.2.0
[INFO] [stderr]     Checking epaint v0.18.1
[INFO] [stderr]     Checking tracing v0.1.34
[INFO] [stderr]    Compiling glutin_glx_sys v0.1.7 (https://github.com/StratusFearMe21/glutin#369e38f1)
[INFO] [stderr]    Compiling glutin_egl_sys v0.1.5 (https://github.com/StratusFearMe21/glutin#369e38f1)
[INFO] [stderr]     Checking signal-hook-registry v1.4.0
[INFO] [stderr]    Compiling indexmap v1.8.1
[INFO] [stderr]    Compiling const_fn v0.4.9
[INFO] [stderr]     Checking winit v0.26.1 (https://github.com/StratusFearMe21/winit#6e044e73)
[INFO] [stderr]     Checking wayland-commons v0.28.6
[INFO] [stderr]    Compiling serde_json v1.0.81
[INFO] [stderr]     Checking itoa v1.0.2
[INFO] [stderr]     Checking locale_config v0.3.0
[INFO] [stderr]     Checking egui v0.18.1
[INFO] [stderr]     Checking dirs v4.0.0
[INFO] [stderr]    Compiling thiserror-impl v1.0.31
[INFO] [stderr]     Checking rand_core v0.6.3
[INFO] [stderr]     Checking shared_library v0.1.9
[INFO] [stderr]     Checking hashbrown v0.11.2
[INFO] [stderr]     Checking uuid v1.0.0
[INFO] [stderr]     Checking os_str_bytes v6.0.1
[INFO] [stderr]     Checking ryu v1.0.10
[INFO] [stderr]    Compiling libmpv v2.0.1 (https://github.com/StratusFearMe21/libmpv-rs#cab9777c)
[INFO] [stderr]     Checking cfb v0.7.0
[INFO] [stderr]     Checking gbm v0.8.0
[INFO] [stderr]     Checking clap_lex v0.2.0
[INFO] [stderr]     Checking rand_chacha v0.3.1
[INFO] [stderr]     Checking osmesa-sys v0.1.2
[INFO] [stderr]     Checking xdg v2.4.1
[INFO] [stderr]     Checking signal-hook-mio v0.2.3
[INFO] [stderr]     Checking gettext-rs v0.7.0
[INFO] [stderr]     Checking dirs v3.0.2
[INFO] [stderr]     Checking wayland-egl v0.29.4
[INFO] [stderr]     Checking glow v0.11.2
[INFO] [stderr]     Checking textwrap v0.15.0
[INFO] [stderr]     Checking writeable v0.4.0
[INFO] [stderr]     Checking num_threads v0.1.6
[INFO] [stderr]     Checking strsim v0.10.0
[INFO] [stderr]     Checking time v0.3.9
[INFO] [stderr]     Checking egui-winit v0.18.0
[INFO] [stderr]     Checking thiserror v1.0.31
[INFO] [stderr]     Checking clap v3.1.18
[INFO] [stderr]     Checking freedesktop-desktop-entry v0.5.0
[INFO] [stderr]     Checking glutin v0.28.0 (https://github.com/StratusFearMe21/glutin#369e38f1)
[INFO] [stderr]     Checking tz-rs v0.6.9
[INFO] [stderr]    Compiling libmpv-sys v3.1.0 (https://github.com/StratusFearMe21/libmpv-rs#cab9777c)
[INFO] [stderr]     Checking infer v0.8.0
[INFO] [stderr]     Checking crossterm v0.23.2
[INFO] [stderr]     Checking rand v0.8.5
[INFO] [stderr]     Checking egui_glow v0.18.1
[INFO] [stderr] error: failed to run custom build command for `libmpv-sys v3.1.0 (https://github.com/StratusFearMe21/libmpv-rs#cab9777c)`
[INFO] [stderr] note: To improve backtraces for build dependencies, set the CARGO_PROFILE_DEV_BUILD_OVERRIDE_DEBUG=true environment variable to enable debug information generation.
[INFO] [stderr] 
[INFO] [stderr] Caused by:
[INFO] [stderr]   process didn't exit successfully: `/opt/rustwide/target/debug/build/libmpv-sys-5bacf3de6cdf6d62/build-script-build` (exit status: 101)
[INFO] [stderr]   --- stderr
[INFO] [stderr]   include/wrapper.h:1:10: fatal error: 'mpv/client.h' file not found
[INFO] [stderr]   include/wrapper.h:1:10: fatal error: 'mpv/client.h' file not found, err: true
[INFO] [stderr]   thread 'main' panicked at 'Unable to generate bindings: ()', /opt/rustwide/cargo-home/git/checkouts/libmpv-rs-734ce00b6e8029c9/cab9777/libmpv-sys/build.rs:29:10
[INFO] [stderr]   stack backtrace:
[INFO] [stderr]      0:     0x555f061afd21 - std::backtrace_rs::backtrace::libunwind::trace::h036e87df56fc4b9d
[INFO] [stderr]                                  at /rustc/9610dfe5a9a731ced1ea4923ecbd0c57fe367898/library/std/src/../../backtrace/src/backtrace/libunwind.rs:93:5
[INFO] [stderr]      1:     0x555f061afd21 - std::backtrace_rs::backtrace::trace_unsynchronized::hd61eb2dbd6ae476a
[INFO] [stderr]                                  at /rustc/9610dfe5a9a731ced1ea4923ecbd0c57fe367898/library/std/src/../../backtrace/src/backtrace/mod.rs:66:5
[INFO] [stderr]      2:     0x555f061afd21 - std::sys_common::backtrace::_print_fmt::h00c50d0875db23c9
[INFO] [stderr]                                  at /rustc/9610dfe5a9a731ced1ea4923ecbd0c57fe367898/library/std/src/sys_common/backtrace.rs:65:5
[INFO] [stderr]      3:     0x555f061afd21 - <std::sys_common::backtrace::_print::DisplayBacktrace as core::fmt::Display>::fmt::h63195ab2dde77ccc
[INFO] [stderr]                                  at /rustc/9610dfe5a9a731ced1ea4923ecbd0c57fe367898/library/std/src/sys_common/backtrace.rs:44:22
[INFO] [stderr]      4:     0x555f061d635f - core::fmt::rt::Argument::fmt::h83f4110348c688f4
[INFO] [stderr]                                  at /rustc/9610dfe5a9a731ced1ea4923ecbd0c57fe367898/library/core/src/fmt/rt.rs:138:9
[INFO] [stderr]      5:     0x555f061d635f - core::fmt::write::h509367dd365f983a
[INFO] [stderr]                                  at /rustc/9610dfe5a9a731ced1ea4923ecbd0c57fe367898/library/core/src/fmt/mod.rs:1094:21
[INFO] [stderr]      6:     0x555f061ad3a1 - std::io::Write::write_fmt::h8e60bfebdaabfee5
[INFO] [stderr]                                  at /rustc/9610dfe5a9a731ced1ea4923ecbd0c57fe367898/library/std/src/io/mod.rs:1713:15
[INFO] [stderr]      7:     0x555f061afb35 - std::sys_common::backtrace::_print::h96e550016098cde6
[INFO] [stderr]                                  at /rustc/9610dfe5a9a731ced1ea4923ecbd0c57fe367898/library/std/src/sys_common/backtrace.rs:47:5
[INFO] [stderr]      8:     0x555f061afb35 - std::sys_common::backtrace::print::h7a049611b153a02e
[INFO] [stderr]                                  at /rustc/9610dfe5a9a731ced1ea4923ecbd0c57fe367898/library/std/src/sys_common/backtrace.rs:34:9
[INFO] [stderr]      9:     0x555f061b0fd7 - std::panicking::default_hook::{{closure}}::h1b023d46676794c4
[INFO] [stderr]     10:     0x555f061b0dc4 - std::panicking::default_hook::hea2961dabcf68e83
[INFO] [stderr]                                  at /rustc/9610dfe5a9a731ced1ea4923ecbd0c57fe367898/library/std/src/panicking.rs:288:9
[INFO] [stderr]     11:     0x555f061b148c - std::panicking::rust_panic_with_hook::h4285c91a8168b001
[INFO] [stderr]                                  at /rustc/9610dfe5a9a731ced1ea4923ecbd0c57fe367898/library/std/src/panicking.rs:705:13
[INFO] [stderr]     12:     0x555f061b1387 - std::panicking::begin_panic_handler::{{closure}}::h6ebd0d46f0c6b010
[INFO] [stderr]                                  at /rustc/9610dfe5a9a731ced1ea4923ecbd0c57fe367898/library/std/src/panicking.rs:597:13
[INFO] [stderr]     13:     0x555f061b0156 - std::sys_common::backtrace::__rust_end_short_backtrace::h92042d128576b63a
[INFO] [stderr]                                  at /rustc/9610dfe5a9a731ced1ea4923ecbd0c57fe367898/library/std/src/sys_common/backtrace.rs:151:18
[INFO] [stderr]     14:     0x555f061b10d2 - rust_begin_unwind
[INFO] [stderr]                                  at /rustc/9610dfe5a9a731ced1ea4923ecbd0c57fe367898/library/std/src/panicking.rs:593:5
[INFO] [stderr]     15:     0x555f05de8363 - core::panicking::panic_fmt::h65404fc8061ee73a
[INFO] [stderr]                                  at /rustc/9610dfe5a9a731ced1ea4923ecbd0c57fe367898/library/core/src/panicking.rs:67:14
[INFO] [stderr]     16:     0x555f05de88f3 - core::result::unwrap_failed::h32fb969d6bae75cc
[INFO] [stderr]                                  at /rustc/9610dfe5a9a731ced1ea4923ecbd0c57fe367898/library/core/src/result.rs:1651:5
[INFO] [stderr]     17:     0x555f05de9b4a - core::result::Result<T,E>::expect::h588fd012d6b92b7b
[INFO] [stderr]     18:     0x555f05de96a0 - build_script_build::main::h94fdac24dd5b1a80
[INFO] [stderr]     19:     0x555f05de9a23 - core::ops::function::FnOnce::call_once::h87407d3e0ed85cd2
[INFO] [stderr]     20:     0x555f05de9976 - std::sys_common::backtrace::__rust_begin_short_backtrace::h1dd23b1719f1097e
[INFO] [stderr]     21:     0x555f05de9579 - std::rt::lang_start::{{closure}}::he79b2146bc9d8e1f
[INFO] [stderr]     22:     0x555f061a94f5 - core::ops::function::impls::<impl core::ops::function::FnOnce<A> for &F>::call_once::h49ef85a8a8d45198
[INFO] [stderr]                                  at /rustc/9610dfe5a9a731ced1ea4923ecbd0c57fe367898/library/core/src/ops/function.rs:284:13
[INFO] [stderr]     23:     0x555f061a94f5 - std::panicking::try::do_call::ha1def14af693a135
[INFO] [stderr]                                  at /rustc/9610dfe5a9a731ced1ea4923ecbd0c57fe367898/library/std/src/panicking.rs:500:40
[INFO] [stderr]     24:     0x555f061a94f5 - std::panicking::try::haa3dc2a1139932e2
[INFO] [stderr]                                  at /rustc/9610dfe5a9a731ced1ea4923ecbd0c57fe367898/library/std/src/panicking.rs:464:19
[INFO] [stderr]     25:     0x555f061a94f5 - std::panic::catch_unwind::h9d9cbebaf9f15c67
[INFO] [stderr]                                  at /rustc/9610dfe5a9a731ced1ea4923ecbd0c57fe367898/library/std/src/panic.rs:142:14
[INFO] [stderr]     26:     0x555f061a94f5 - std::rt::lang_start_internal::{{closure}}::hf660a772669a69cc
[INFO] [stderr]                                  at /rustc/9610dfe5a9a731ced1ea4923ecbd0c57fe367898/library/std/src/rt.rs:148:48
[INFO] [stderr]     27:     0x555f061a94f5 - std::panicking::try::do_call::hb1c34715bb9b1c46
[INFO] [stderr]                                  at /rustc/9610dfe5a9a731ced1ea4923ecbd0c57fe367898/library/std/src/panicking.rs:500:40
[INFO] [stderr]     28:     0x555f061a94f5 - std::panicking::try::h499866fd990da8f1
[INFO] [stderr]                                  at /rustc/9610dfe5a9a731ced1ea4923ecbd0c57fe367898/library/std/src/panicking.rs:464:19
[INFO] [stderr]     29:     0x555f061a94f5 - std::panic::catch_unwind::hac1ffec55b72e7bc
[INFO] [stderr]                                  at /rustc/9610dfe5a9a731ced1ea4923ecbd0c57fe367898/library/std/src/panic.rs:142:14
[INFO] [stderr]     30:     0x555f061a94f5 - std::rt::lang_start_internal::h0fecf91cd579e7b6
[INFO] [stderr]                                  at /rustc/9610dfe5a9a731ced1ea4923ecbd0c57fe367898/library/std/src/rt.rs:148:20
[INFO] [stderr]     31:     0x555f05de9557 - std::rt::lang_start::h0f1fe8133fcccb57
[INFO] [stderr]     32:     0x555f05de9855 - main
[INFO] [stderr]     33:     0x7f213161bd90 - <unknown>
[INFO] [stderr]     34:     0x7f213161be40 - __libc_start_main
[INFO] [stderr]     35:     0x555f05de8bf5 - _start
[INFO] [stderr]     36:                0x0 - <unknown>
[INFO] [stderr] warning: build failed, waiting for other jobs to finish...
[INFO] running `Command { std: "docker" "inspect" "84dedd2928bf28f3fa165fed21b18fee78b924ea01497569a5eb203fff048929", kill_on_drop: false }`
[INFO] running `Command { std: "docker" "rm" "-f" "84dedd2928bf28f3fa165fed21b18fee78b924ea01497569a5eb203fff048929", kill_on_drop: false }`
[INFO] [stdout] 84dedd2928bf28f3fa165fed21b18fee78b924ea01497569a5eb203fff048929
